{"id":155,"date":"2025-05-09T00:22:19","date_gmt":"2025-05-09T00:22:19","guid":{"rendered":"https:\/\/damaceurope.eu\/?page_id=155"},"modified":"2025-05-15T18:43:11","modified_gmt":"2025-05-15T18:43:11","slug":"info","status":"publish","type":"page","link":"https:\/\/damaceurope.eu\/index.php\/info\/","title":{"rendered":"Info"},"content":{"rendered":"\t\t<div data-elementor-type=\"wp-page\" data-elementor-id=\"155\" class=\"elementor elementor-155\">\n\t\t\t\t<div class=\"aux-parallax-section elementor-element elementor-element-74fea787 e-flex e-con-boxed e-con e-parent\" data-id=\"74fea787\" data-element_type=\"container\">\n\t\t\t\t\t<div class=\"e-con-inner\">\n\t\t\t\t<div class=\"elementor-element elementor-element-20d11b24 elementor-widget elementor-widget-text-editor\" data-id=\"20d11b24\" data-element_type=\"widget\" data-widget_type=\"text-editor.default\">\n\t\t\t\t<div class=\"elementor-widget-container\">\n\t\t\t\t\t\t\t\t\t<p class=\"\" data-start=\"208\" data-end=\"281\"><strong data-start=\"208\" data-end=\"281\">Immobilienservice in Dubai &amp; Abu Dhabi \u2013 Komplettbetreuung durch CRTT<\/strong><\/p><p class=\"\" data-start=\"160\" data-end=\"616\">Das Team von Damac Europe unterst\u00fctzt Sie bei der Entwicklung, Fertigstellung und dem Erwerb von Immobilien in Dubai oder Abu Dhabi \u2013 mit einem umfassenden 10-Phasen-Service f\u00fcr den direkten Kauf von Objekten beim renommierten Bautr\u00e4ger DAMAC. Unser Service richtet sich speziell an internationale Kunden und begleitet Sie professionell und rechtlich abgesichert durch jeden Schritt des Immobilienkaufs \u2013 von der Erstpr\u00e4sentation bis zur Schl\u00fcssel\u00fcbergabe.<\/p><p class=\"\" data-start=\"652\" data-end=\"687\"><strong data-start=\"652\" data-end=\"687\">Unsere Leistungen im \u00dcberblick:<\/strong><\/p><p class=\"\" data-start=\"692\" data-end=\"810\"><strong data-start=\"692\" data-end=\"725\">1 Objektpr\u00e4sentation &amp; Beratung<\/strong><br data-start=\"725\" data-end=\"728\" \/>Individuelle Auswahl und Pr\u00e4sentation von Immobilienprojekten direkt von DAMAC.<\/p><p class=\"\" data-start=\"815\" data-end=\"921\"><strong data-start=\"815\" data-end=\"836\">2 Reiseorganisation<\/strong><br data-start=\"836\" data-end=\"839\" \/>Unterst\u00fctzung bei Flug- und Hotelbuchungen, sowie Visa-Angelegenheite<strong>n<\/strong>.<\/p><p class=\"\" data-start=\"926\" data-end=\"1058\"><strong data-start=\"926\" data-end=\"970\">3 Flughafen-Transfer &amp; Besichtigungstouren<\/strong><br data-start=\"970\" data-end=\"973\" \/>Empfang am Flughafen und pers\u00f6nliche Begleitung zu allen Immobilienbesichtigungen.<\/p><p class=\"\" data-start=\"1063\" data-end=\"1167\"><strong data-start=\"1063\" data-end=\"1089\">4 Vertragsunterzeichnung<\/strong><br data-start=\"1089\" data-end=\"1092\" \/>Rechtssichere Begleitung durch erfahrene Anw\u00e4lte und Notare vor Ort.<\/p><p class=\"\" data-start=\"1172\" data-end=\"1290\"><strong data-start=\"1172\" data-end=\"1212\">5 Bank\u00fcberweisung &amp; Zahlungsabwicklung<\/strong><br data-start=\"1212\" data-end=\"1215\" \/>Organisation und Betreuung des Zahlungsvorgangs direkt an den Bautr\u00e4ger.<\/p><p class=\"\" data-start=\"1295\" data-end=\"1425\"><strong data-start=\"1295\" data-end=\"1335\">6 Dokumenten\u00fcbersetzung &amp; Beglaubigung<\/strong><br data-start=\"1335\" data-end=\"1338\" \/>Alle n\u00f6tigen Unterlagen werden professionell \u00fcbersetzt und notariell beglaubigt.<\/p><p class=\"\" data-start=\"1430\" data-end=\"1528\"><strong data-start=\"1430\" data-end=\"1460\">7 Er\u00f6ffnung eines Bankkontos<\/strong><br data-start=\"1460\" data-end=\"1463\" \/>Unterst\u00fctzung bei der Einrichtung eines Bankkontos in den VAE.<\/p><p class=\"\" data-start=\"1533\" data-end=\"1673\"><strong data-start=\"1533\" data-end=\"1573\">8 Aufenthaltsbewilligung &amp; Golden Visa<\/strong><br data-start=\"1573\" data-end=\"1576\" \/>Hilfe bei der Beantragung einer Aufenthaltsgenehmigung oder der Golden Card Residency.<\/p><p class=\"\" data-start=\"1678\" data-end=\"1797\"><strong data-start=\"1678\" data-end=\"1716\">9 Schl\u00fcssel\u00fcbergabe &amp; Objekt\u00fcbergabe<\/strong><br data-start=\"1716\" data-end=\"1719\" \/>Pers\u00f6nliche Begleitung bei der finalen Objektabnahme und Schl\u00fcssel\u00fcbergabe.<\/p><p class=\"\" data-start=\"1803\" data-end=\"1952\"><strong data-start=\"1803\" data-end=\"1846\">10 Langfristige Betreuung &amp; Rechtsberatung<\/strong><br data-start=\"1846\" data-end=\"1849\" \/>CRTT begleitet Kunden auch nach dem Kauf mit weiteren rechtlichen und organisatorischen Leistungen.<\/p>\t\t\t\t\t\t\t\t<\/div>\n\t\t\t\t<\/div>\n\t\t\t\t\t<\/div>\n\t\t\t\t<\/div>\n\t\t<div class=\"aux-parallax-section elementor-element elementor-element-b07975d e-grid e-con-boxed e-con e-parent\" data-id=\"b07975d\" data-element_type=\"container\">\n\t\t\t\t\t<div class=\"e-con-inner\">\n\t\t\t\t<div class=\"elementor-element elementor-element-2af5674 elementor-widget elementor-widget-image\" data-id=\"2af5674\" data-element_type=\"widget\" data-widget_type=\"image.default\">\n\t\t\t\t<div class=\"elementor-widget-container\">\n\t\t\t\t\t\t\t\t\t\t\t\t\t\t\t<img fetchpriority=\"high\" decoding=\"async\" width=\"612\" height=\"408\" src=\"https:\/\/damaceurope.eu\/wp-content\/uploads\/2025\/05\/h1.jpg\" class=\"attachment-large size-large wp-image-411\" alt=\"\" srcset=\"https:\/\/damaceurope.eu\/wp-content\/uploads\/2025\/05\/h1.jpg 612w, https:\/\/damaceurope.eu\/wp-content\/uploads\/2025\/05\/h1-200x133.jpg 200w\" sizes=\"(max-width: 612px) 100vw, 612px\" \/>\t\t\t\t\t\t\t\t\t\t\t\t\t\t\t<\/div>\n\t\t\t\t<\/div>\n\t\t\t\t<div class=\"elementor-element elementor-element-7b83c39 elementor-widget elementor-widget-image\" data-id=\"7b83c39\" data-element_type=\"widget\" data-widget_type=\"image.default\">\n\t\t\t\t<div class=\"elementor-widget-container\">\n\t\t\t\t\t\t\t\t\t\t\t\t\t\t\t<img decoding=\"async\" width=\"612\" height=\"417\" src=\"https:\/\/damaceurope.eu\/wp-content\/uploads\/2025\/05\/h2.jpg\" class=\"attachment-large size-large wp-image-412\" alt=\"\" srcset=\"https:\/\/damaceurope.eu\/wp-content\/uploads\/2025\/05\/h2.jpg 612w, https:\/\/damaceurope.eu\/wp-content\/uploads\/2025\/05\/h2-200x136.jpg 200w\" sizes=\"(max-width: 612px) 100vw, 612px\" \/>\t\t\t\t\t\t\t\t\t\t\t\t\t\t\t<\/div>\n\t\t\t\t<\/div>\n\t\t\t\t\t<\/div>\n\t\t\t\t<\/div>\n\t\t\t\t<\/div>\n\t\t","protected":false},"excerpt":{"rendered":"<p>Immobilienservice in Dubai &amp; Abu Dhabi \u2013 Komplettbetreuung durch CRTT Das Team von Damac Europe unterst\u00fctzt Sie bei der Entwicklung, Fertigstellung und dem Erwerb von Immobilien in Dubai oder Abu Dhabi \u2013 mit einem umfassenden 10-Phasen-Service f\u00fcr den direkten Kauf von Objekten beim renommierten Bautr\u00e4ger DAMAC. Unser Service richtet sich speziell an internationale Kunden und [&hellip;]<\/p>\n","protected":false},"author":1,"featured_media":0,"parent":0,"menu_order":0,"comment_status":"closed","ping_status":"closed","template":"","meta":{"footnotes":""},"class_list":["post-155","page","type-page","status-publish","hentry"],"_links":{"self":[{"href":"https:\/\/damaceurope.eu\/index.php\/wp-json\/wp\/v2\/pages\/155","targetHints":{"allow":["GET"]}}],"collection":[{"href":"https:\/\/damaceurope.eu\/index.php\/wp-json\/wp\/v2\/pages"}],"about":[{"href":"https:\/\/damaceurope.eu\/index.php\/wp-json\/wp\/v2\/types\/page"}],"author":[{"embeddable":true,"href":"https:\/\/damaceurope.eu\/index.php\/wp-json\/wp\/v2\/users\/1"}],"replies":[{"embeddable":true,"href":"https:\/\/damaceurope.eu\/index.php\/wp-json\/wp\/v2\/comments?post=155"}],"version-history":[{"count":23,"href":"https:\/\/damaceurope.eu\/index.php\/wp-json\/wp\/v2\/pages\/155\/revisions"}],"predecessor-version":[{"id":457,"href":"https:\/\/damaceurope.eu\/index.php\/wp-json\/wp\/v2\/pages\/155\/revisions\/457"}],"wp:attachment":[{"href":"https:\/\/damaceurope.eu\/index.php\/wp-json\/wp\/v2\/media?parent=155"}],"curies":[{"name":"wp","href":"https:\/\/api.w.org\/{rel}","templated":true}]}}